
27
What is the value of 1 + 4 - (-5573 - -5526)?
52
What is the value of (7 - -5 - -17) + -14 + (4 - 17)?
2
Calculate 0 - (3 - -1 - (9 + (-14 - -13))) - -2.
6
39 - 2 - ((-14 - (-2 + -23)) + -9)
35
Calculate (22 + -18 + -12 - 1) + (-43 - 1).
-53
What is 3 - ((19 - -2) + 6 + -3 + -15)?
-6
What is -212 + 264 - (4 - 2)?
50
What is (-11 + -1 + 7 - (-100 - 4)) + (27 - 31)?
95
What is -6 - (-22 + 12 + -27)?
31
12 - ((-12 + 28 - 11) + 15) - -23
15
Evaluate -15 - (-24 - ((25 - 15) + 10)).
29
What is 1 + 1 + 2 + (-88 + (-15 - -26) - 25)?
-98
What is 5 + (118 - (-22 - -88))?
57
Calculate 45 + -35 - (18 - 2) - (-116 - 4).
114
Calculate -22 + 13 - (48 - -1).
-58
What is the value of (-105 - -48) + -37 + 136?
42
-2 + 4 - 29 - (2341 + -2424)
56
What is the value of -75 - (-269 + 257 - (-1 - -4)) - -10?
-50
Calculate 37 + -2 + 1 + (-7 - -5 - 7).
27
Calculate (-5 - 31) + (-3 - (-5 - -11 - 1)).
-44
Evaluate -24 + 1 + -32 + 7 + -1.
-49
What is (-20 - -2 - 7 - -16) + -39 + 4?
-44
-9510 + 9525 - (38 - (0 + 0))
-23
-2 + -5 + (30 - 8 - 20) - (1 + -53)
47
What is -47 + -22 + 156 + -86?
1
What is the value of -44 - -2 - (-68 - 36)?
62
(-7 - 20) + 13 - -25 - 20
-9
Evaluate 37 - (-2 - (-3 - -1)) - (81 + 237 - 328).
47
What is the value of (3 - -7) + (-19 - 4) - 12?
-25
What is the value of -10 + 6 + (-41 - (-2 + -9)) + 6?
-28
What is the value of -44 + -9 - (166 + -220)?
1
What is 22 - (-90 + 73 - (0 - 4))?
35
Evaluate 27 + (77 - 39 - 46).
19
Evaluate -8 + -2 - (-43 + 25 + -40).
48
Calculate -1 + (58 - (-24 - -93)).
-12
Evaluate (5 + -11 + 21 + -18 - (-2 - 6)) + -51.
-46
What is the value of -42 - 0 - (-17 - -29 - 26 - -3)?
-31
What is the value of 11 - (-31 + (-35 + 10 - -11) - -17)?
39
(30 - (125 + -21)) + 48
-26
(29 - 8) + -29 + 12 - 6
-2
What is the value of (-4 - -12 - (-68 + 99)) + 3 + -1 + 6?
-15
Calculate 0 - (62 - 1) - (-369 + 349 - (-14 + 3)).
-52
(10 - 3) + 3 - -9 - (2 - -114)
-97
What is -2 - (14 + 2) - (-412 - -438)?
-44
(8 - (-19 + (-9 + 25 - 7) - -13)) + -18
-13
Evaluate 33 - (-22 - (43 - (14 - -17))).
67
(4 + 19 + -4 - 82) + 9
-54
Evaluate -1 - 26 - ((25 - 42 - -30) + -13).
-27
Evaluate (9 - 20) + 4 + (-3 - 0) - (100 + -120).
10
What is the value of 0 - 13 - (-633 - -628 - (-1 - 14))?
-23
What is the value of (27 - (-14 - (3 - 16) - -12)) + -4 - 81?
-69
What is the value of (-872 - -794) + (-5 - -3 - -35)?
-45
Evaluate 84 + -40 + -43 - 34.
-33
What is 70 + (83 - 43) + -68?
42
What is -73 - (-94 + 48 + -92)?
65
What is the value of (-11 - (-5 - 15)) + 9 + 8 + 2?
28
What is the value of 158 + -228 + (111 - 56)?
-15
What is the value of 15 + 2 + 7 + -51 + 29?
2
Calculate 5 + (10 + 10 + (-7 - 4) - 8).
6
Calculate -9 + 1 + (28 - (9 - -21)) + 32.
22
(-44 - 45) + 13 + 0 + 16
-60
What is 21 + -12 + 16 + -41 + 29?
13
Evaluate 14 + (15 - (-13 + -12 + 29)).
25
What is the value of -110 + 37 + -10 + -11 + 25?
-69
What is -1 - -65 - (-42 - (-31 + -38))?
37
Evaluate (120 - (-56 - -2)) + -93.
81
Calculate 0 - 1 - (-1187 - -1209).
-23
What is (0 - 64) + -681 + 722?
-23
What is the value of (4 - (-15 - 26) - -21) + (-1 - 9)?
56
Evaluate 14 + -761 + 772 + (2 - (12 - 2)).
17
What is 13 + ((-14 - -25) + -5 - -43)?
62
What is the value of (-65 - (-3 - -2)) + (52 - (68 + -14))?
-66
What is the value of 73 - ((-65 - 17) + 70)?
85
What is the value of 9 + (6 + -6 + -6 - (-3 - 14))?
20
What is (7 - 1 - (-5 + 17)) + (-6 - 8 - -8)?
-12
Calculate -63 + 42 + -3 - -9 - -47.
32
Evaluate -15 - 20 - (-32 + (2 - 79)).
74
Evaluate (-9 - -20 - 2) + 16 - 4.
21
-21 - 33 - (6 - 15 - -27)
-72
Calculate 15 + -24 + 18 + -1 + 6.
14
What is (54 - 1) + (-190 - -178)?
41
69 + 1 - ((124 - 68) + -33)
47
What is the value of 3027 + -3011 - (2 - 52)?
66
Evaluate -67 + (0 - 5) - (6 - (-10 + 35 - 8)).
-61
Evaluate -46 + 6 + 23 + -20.
-37
26 + -1 + 0 - ((-87 - -94) + -10)
28
Evaluate -56 - ((90 - 82) + -82).
18
Evaluate -28 + 4 + 17 - 13.
-20
What is the value of -129 - (7 + -5 - (163 - 150))?
-118
-23 + (-126 - -69 - -87)
7
What is 129 - 46 - (20 - -25)?
38
Evaluate -14 + (-12 - -2 - -78) + -9 + 2.
47
What is the value of 56 + -2 + 37 + 20 + -80?
31
-50 - -71 - 66 - -4
-41
What is the value of (-1 - (8 + (-23 - 7))) + (15 - 7)?
29
Evaluate -52 + (-141 + 64 - -55).
-74
Calculate (-11 + (-14 - -148 - -14) + -2 - 8) + 12.
139
Evaluate (9 + -3 - ((2 - 2) + (-24 - -33))) + 19.
16
What is the value of 0 + -3 + 44 - ((-18 - 11 - -18) + 4)?
48
What is (62 - 71 - (-1 + 0)) + 5 - -45?
42
Calculate (2 + -2 - -17) + 128 + -16 + -25.
104
106 + -68 + -34 + -44
-40
What is (-81 + 168 - 56) + (1 - (1 + -5))?
36
What is (235 - 245) + -8 + 36?
18
Evaluate 15 + -7 + 164 + -233.
-61
What is -1 + -18 - (-35 - -44 - (4 + (10 - -6)))?
-8
What is 16 + -27 + -37 + 20 - 1?
-29
Calculate -25 - (-30 - (40 + -49) - -37).
-41
Evaluate -51 - ((-4 - -21 - 5) + -55 + 47) - 2.
-57
-65 - ((-60 - 2) + 9)
-12
What is the value of 25 + -26 - ((-31 - -30) + -41)?
41
What is the value of -11 + -78 + -37 + 83?
-43
What is -49 + 1 + (15 - (-1 - ((-22 - -22) + -14)))?
-46
Calculate -85 + -130 + 109 + 93.
-13
What is the value of 77 + -54 - (57 + 0 - -2)?
-36
Evaluate 15 - -1 - (98 + -186 + 47).
57
What is 13 + (26 - 44) - (-1 - 5 - 73)?
74
What is -1 + -13 - -5 - (-42 + 31) - 52?
-50
Evaluate 6 + -9 - (32 + (-48 - -15)) - (-1 - 49).
48
Calculate 112 + (-38 + -53 + 26 - -32).
79
What is the value of -3 + -10 + -455 + 443 + 0 + 17?
-8
What is -9 + (-1 - 1) + -20 + (13 - 21) + 28?
-11
What is (-2 - (-5 + 3)) + 58 - (-239 + 137 + 116)?
44
Calculate -18 + -4 + -38 + 2 + (-12 - -31).
-39
(-22 - -46) + -19 + -65
-60
58 + (13 - 89) + 99
81
Calculate 35 + (113 - (165 + -11)).
-6
What is the value of 445 + -444 + -4 + 114 + 2?
113
What is the value of -1392 + 1355 + (-2 - -5) + (-8 - 0)?
-42
What is (13 - (66 + -1 + 5)) + 23?
-34
What is the value of (-3 - 1) + (-27 - ((24 - 6) + -66))?
17
-53 - (-24 + 47 + -54)
-22
What is (-33 - 22) + -6 - -6?
-55
What is 52 - (7 + -41 + 90)?
-4
What is the value of 6 + (-87 + (9 - 5) - (39 + -39)) + 5?
-72
123 + -151 + 63 + 71
106
What is (-42 - (-5 - (0 - 24))) + 18?
-43
What is 55 + (94 - 86) + 0 + -19?
44
-77 - (3 - (-7 + (15 - -13))) - (1 - 13)
-47
What is (-1 + 5 - 9) + -35 - (-93 - -92)?
-39
Calculate 74 + -176 - -126 - (59 - 2).
-33
What is -72 + 39 + -39 - (-1 + (-6 - -2) + 6)?
-73
Calculate -34 + (36 - 0) + (22 - 32).
-8
123 - (-44 - (-70 + 19))
116
Evaluate -9 + (-8 - -16) + -35 + -16 + 0 + 0.
-52
Evaluate 69 + -109 + 150 - -14.
124
21 - (61 + (-75 - -23))
12
-37 - (-31 - 2 - (-78 + 186))
104
What is (709 - 722) + 0 + 1 + -1 + -51 + -1?
-65
32 - 93 - (-76 + 87)
-72
(-1 - (-10 - (-48 + -1 - (-15 - -5)))) + -6
-36
Calculate -17 - ((38 - 55) + 6) - (-82 - 2).
78
What is 91 - ((-1 - -86) + -59)?
65
What is the value of (2 + (-1 - -1) - 7) + -119 + -48 + 211?
39
What is the value of (12 + -1 - (-2 + -1 - (-64 - -57))) + 3?
10
Evaluate 7 + 9 + -19 + (-19 + 4 + 8 - 37).
-47
(2 - -13) + (68 - 132) + -4
-53
What is the value of (-4 - -4 - (-25 - -18)) + (-4 - (-33 - -20))?
16
Evaluate (50 - 65) + 34 + -5.
14
Calculate -1 + -16 + 0 + (53 - -630) + -698.
-32
Calculate (-3 - -12 - -14) + -11 + 41.
53
What is the value of 40 + -2 + (2 - -18) + (42 - 47)?
53
Calculate (-8 - 37 - -58) + (1 - (2 + 41)).
-29
What is the value of -51 + -3 + 9 + (-8 - -7 - (-8 + 1))?
-39
What is (-116 - -12) + -4 + 2 + 3 + 782 + -787?
-108
Calculate (-3052 - -3029) + -13 + -1.
-37
(30 - (-17 + 25)) + -53 - 4
-35
Evaluate -43 - 1 - (-255 + 316).
-105
Evaluate (33 + -39 - (-1 + 3)) + 12 + 31 + -19.
16
Calculate 2 + (4 - 3) + 45 + (-135 + 267 - 134).
46
What is the value of -19 + 51 + -45 + 32?
19
Evaluate 17 + 3 + 2 + (-68 - -55) - 60.
-51
What is the value of -1 + -131 - (-12514 + 12335)?
47
Calculate -302 + 79 + 47 + 84.
-92
Evaluate (-2 - (-31 - -26)) + -5 + 1 + -1 + 78.
76
Calculate -393 + 350 + (0 - (9 + -4)) + -6.
-54
Evaluate -71 - ((27 - 45) + -10).
-43
What is the value of 11 + -125 - (1 + -52)?
-63
Calculate (-18 - -157) + -179 + 119.
79
Evaluate -98 - (-3 + 2 - ((-2 - (-29 - -4)) + -17)).
-91
What is 7 - (-35 + -10) - -1?
53
What is 22 - (3 - (-28 - (-7 + 15)))?
-17
Evaluate (75 - 196) + 154 + 0 + 5.
38
Calculate 4 + 26 - -21 - (0 + -8 + 6).
53
Evaluate 2 - 33 - (20 - (-1 - (-22 - -12)) - -1).
-43
Calculate -67 - 1 - (-5 - (17 + -1